test common divisor of d and 4096.
16
Suppose 9906 = 3*u + q, 5*u - 5*q = 7*q + 16428. What is the highest common divisor of 264 and u?
132
Let q be (-6)/4*(2 - (-2 + 8104)). Suppose 5*b + q = 30*b. Calculate the highest common divisor of 54 and b.
54
Let i be (10 - (4 - -1)) + 62. Let j = -87 + i. Let l = j + 29. What is the highest common factor of 18 and l?
9
Suppose x + 4*q - 112 = 280, 0 = 2*x + 3*q - 779. Let m = x + -192. Suppose 84 = -3*o + 6*o. Calculate the highest common factor of m and o.
28
Suppose -1173 + 84 = -33*x. Suppose 3*w - 9 = 3*t - x, -3*t - 4 = 4*w. What is the greatest common divisor of t and 244?
4
Let u(d) = 3*d**2 - 16*d + 24. Suppose -j - 1 = -5. Let k be u(j). What is the highest common factor of 40 and k?
8
Suppose -m - 19 = 14*z - 38, -3*z - 372 = -3*m. What is the highest common divisor of 900 and m?
9
Let t = 214 + -216. Let m(l) = -30*l - 4 - 24*l - 12. Let v be m(t). What is the greatest common factor of v and 23?
23
Let r = -4618 - -4870. What is the highest common factor of r and 486?
18
Let g = 265232 - 265197. Let r = 121 + -72. Calculate the highest common factor of g and r.
7
Let v be 1936/3 + (-6)/(-9). Let d(p) = -p**3 + 24*p**2 + 47*p - 512. Let r be d(25). What is the highest common divisor of r and v?
38
Let w(r) = r**2 - 6*r + 4. Let z(b) = b**3 + 26*b**2 + 50*b + 54. Let s be z(-24). Let q be w(s). Calculate the highest common divisor of q and 4.
4
Let g(h) = -h**2 - 20*h - 19. Let b be g(-19). Suppose 2*w - 2 = b, -4*w = -4*i + 6*i - 44. What is the highest common factor of 8 and i?
4
Suppose 19*s - 497 - 278 = 14*s. Let l be ((-12)/10)/((-4)/310). What is the greatest common divisor of l and s?
31
Let b be (-274)/(-4)*(2 + 0 + 0). Let u(c) = 12*c - 31. Let g be u(4). Let q = b - g. What is the greatest common divisor of 15 and q?
15
Suppose 0 = 19*c - 23*c - 8*j + 560, 3*c - 4*j = 470. Calculate the greatest common factor of 475 and c.
25
Suppose -6*a + 383 = 3*h - a, 5*a + 25 = 0. Suppose 129*v - 3903 = 2683 - 2200. Calculate the greatest common factor of v and h.
34
Let p = 2710 + -1430. Calculate the greatest common factor of 288 and p.
32
Let x = 227 + -225. Suppose -5*a - 10 = 0, -3*q + x*a + 68 = -8. What is the highest common divisor of q and 132?
12
Let m = -143 + 73. Let h be (-45)/(-6)*1/((-3)/m). Calculate the highest common divisor of 35 and h.
35
Let p = 86 + -73. Let q be 2*(p - -3 - 3). Calculate the greatest common divisor of q and 26.
26
Suppose -3800 = -13*s + 3*s. Suppose 2*v + 3*i - 771 = 0, 13*v = 12*v + 4*i + s. What is the greatest common factor of 16 and v?
16
Suppose -2*a - 66480 = 2*a + w, 4*a + 3*w = -66480. Let s be a/(-66) + (-2)/(-11). Calculate the greatest common divisor of 42 and s.
42
Let o = 57 + -22. Let n(h) = 7*h**2 - 27*h + 6. Let m be n(4). What is the highest common factor of m and o?
5
Let s be 1/(-2)*(72/(-16) - -7)*-8. Let q(n) = -69*n - 2. Let z be q(-3). Let c = z + -45. Calculate the highest common divisor of c and s.
10
Suppose 2*c + 11 = 3*y + 33, 84 = 4*c + 4*y. Let u(q) = -85*q. Let b be u(-2). What is the highest common factor of c and b?
17
Let q(m) = 539*m**2 + 437*m + 1304. Let p be q(-3). What is the greatest common factor of p and 112?
28
Let w = 2202 - 1992. What is the highest common divisor of w and 115?
5
Let f be (-2)/6 + ((-98)/(-63) - 2)*-3. Let w be 2/(-4)*(-6 + 0). Let o(k) = 2*k**2 - k - 4. Let r be o(w). Calculate the highest common divisor of f and r.
1
Suppose -8*w - 7 = 281. Let c = 24 + w. Let m be (c/9)/(2/(-6)). Calculate the highest common factor of 10 and m.
2
Suppose m - 2*m = 5*p - 848, -4*p + 4*m + 688 = 0. Suppose 0*n + p = n. Let r be (-1)/4 - n/(-40). Calculate the highest common divisor of r and 4.
4
Suppose 0 = 4*m + 4, -j + 3 - 1 = m. Suppose -2*z + 58 = -4*d, j*z + 0*z = 5*d + 82. Calculate the greatest common factor of z and 190.
19
Let l(i) = i**2 - 7*i + 45. Let g be l(4). Let k be 4/((6/g)/1). What is the highest common divisor of k and 352?
22
Let l be ((-124)/(-10) - 2)/((-80)/(-5000)). Calculate the highest common factor of l and 350.
50
Suppose 0 = 7*n + 4651 - 1382. Let i = 1267 + n. What is the highest common factor of i and 25?
25
Suppose -37*l + 175748 + 96461 = 0. What is the highest common factor of 7 and l?
7
Let i(b) = b**3 + 6*b**2 - 15*b + 6. Let q be i(-7). Suppose -72*c + q*c + 3240 = 0. What is the highest common divisor of c and 72?
36
Let l = 37 - -11. What is the greatest common divisor of l and 4944?
48
Suppose -126 = 7*b - 10*b. Suppose -73*d + 728 = -60*d. Calculate the greatest common divisor of d and b.
14
Let k(u) = u**2 - 7*u + 23. Let f be k(10). Let z = f - 35. Let c be 2/((4/z)/((-24)/(-36))). What is the highest common divisor of c and 6?
6
Let m be (56 + -58)*(-1 - 171). Calculate the greatest common factor of m and 2236.
172
Suppose 3*c + 20 = -2*n + 21, c = 4*n - 23. Calculate the greatest common factor of n and 45.
5
Suppose -4*w = -5*m - 675, -4*w = -6*m + 4*m - 654. Calculate the greatest common factor of w and 8080.
80
Suppose 445 + 82287 = 86*j. What is the highest common factor of j and 370?
74
Suppose -9*f = -2*f + 3640. Let p = f + 1048. Suppose -8*c - p = -14*c. Calculate the greatest common factor of c and 8.
8
Suppose -5*c + 85 = 2*r, 4*r - 2*c - 182 = -0*c. Let f(x) = 2*x**2 + 588*x + 15845. Let h be f(-30). What is the highest common divisor of h and r?
5
Let r be (((-70)/3)/2)/(22/66). Let h = 41 + r. Let c be ((-88)/6)/(((-6)/3)/h). Calculate the greatest common factor of c and 4.
4
Suppose j - 120 = -3*f - 83, j = 5*f - 67. Let p = 13 - 8. Suppose 5*b = 2*n + 585, -3*b = -p*n - 257 - 94. Calculate the highest common divisor of f and b.
13
Let x = 45 + -45. Suppose 3*s + 0*s + 3 = 0, x = u - 5*s - 31. What is the greatest common divisor of u and 117?
13
Let g = -41 + 46. Suppose 0 = -9*y + 7*y + 3*z + 117, -g*z = 3*y - 223. Suppose -y - 102 = -6*c. Calculate the greatest common factor of 70 and c.
14
Let v be (-1196)/8*(-74)/(-1). Let z be (-1)/6 + v/(-138). Suppose 0 = j + j - z. What is the highest common divisor of 100 and j?
20
Let s(j) = 3*j**3 + 4*j**2 + 9*j - 36. Let v be s(5). Calculate the highest common divisor of v and 2299.
121
Let p(u) = -119*u**2 - 3 - 2*u - 2*u - u + 121*u**2 + u**3. Let r be p(-3). Suppose 8*i = r*i + 75. What is the greatest common factor of i and 165?
15
Let k be ((-3)/(-5))/((-6 + 8)/30). Let p be (-3)/5 - (k + 12784/(-40)). Calculate the highest common divisor of p and 10.
10
Suppose 3*o = 3 + 6, -t - o + 22 = 0. What is the greatest common divisor of 931 and t?
19
Suppose -24*p = -38*p + 8*p + 14850. Calculate the greatest common factor of 66 and p.
33
Let s(a) = 62*a**2 - 15*a + 179. Let q be s(11). Let k be (-192)/(-432) - (q/(-18))/1. Calculate the highest common factor of k and 22.
22
Let q = 20 + -12. Let y = 45444 + -45388. Calculate the greatest common divisor of q and y.
8
Suppose -16*k - 4*k + 15096 = -3*k. What is the greatest common factor of 72 and k?
24
Suppose -4*f = f. Suppose -a + 16 - 28 = f. Let l = 6 - a. Calculate the greatest common factor of 126 and l.
18
Let w(l) = -3*l + 3. Let s be w(5). Let x be 153/36 + 3/s. Suppose p = m - 1, 7*m - 41 = 2*m - x*p. What is the highest common divisor of m and 55?
5
Let a = -52 + 45. Let v(j) = j**2 + 3*j - 12. Let r be v(a). Calculate the greatest common factor of r and 64.
16
Let z = 216 - 300. Let w be (-2076)/z + (-10)/14. Suppose -5*i = -s - 955 + 110, 4*i - 687 = 3*s. What is the highest common factor of w and i?
24
Suppose 14*d = 10*d + 2112. Suppose -d - 400 = 8*c. Let q = -92 - c. Calculate the highest common factor of q and 8.
8
Let y(d) = -d**2 + 11*d - 8 - 7 + 7. Let z be y(9). Suppose 98 = 3*u - z. What is the highest common divisor of u and 108?
36
Let x(b) = -24*b + 133. Let w be x(5). Suppose 2*t = -3*t + 1235. What is the greatest common factor of w and t?
13
Suppose -4*x - 6*k + 336 = -5*k, -3*x - 5*k + 252 = 0. Let f = 0 + 63. Calculate the highest common factor of x and f.
21
Suppose -11*j = -5*j - 438. Suppose -4*w + 0*c + 5*c + j = 0, 10 = -2*c. What is the highest common factor of w and 4?
4
Let b(v) = 15*v**2 - 70*v - 136. Let n be b(-2). What is the highest common factor of n and 416?
32
Suppose -2*c = -354 + 192. What is the highes